{"id":7628,"date":"2025-05-12T01:00:44","date_gmt":"2025-05-11T23:00:44","guid":{"rendered":"https:\/\/serendipiaeditorial.com\/?post_type=product&#038;p=7628"},"modified":"2026-08-16T18:43:04","modified_gmt":"2026-08-16T16:43:04","slug":"las-alas-de-la-crisalida","status":"publish","type":"product","link":"https:\/\/serendipiaeditorial.com\/en\/las-alas-de-la-crisalida\/","title":{"rendered":"LAS ALAS DE LA CRIS\u00c1LIDA"},"content":{"rendered":"<div>\n<p style=\"font-weight: 400;\">\n<\/div>\n<div><strong>DATOS T\u00c9CNICOS:<\/strong><\/div>\n<div>\n<p>ISBN: 979-13-87661-04-5<br \/>\nEAN: 9791387661045<br \/>\nD.L.: CR 531-2025<br \/>\nExtensi\u00f3n: 80 p\u00e1ginas<br \/>\nTama\u00f1o: 32 cm x 22 cm<br \/>\nEncuadernaci\u00f3n: Carton\u00e9<br \/>\nGuardas ilustradas<br \/>\nPapel: impreso en papel procedente de fuentes sostenibles con Sello FSC MIX 100 %<\/p>\n<p>&nbsp;<\/p>\n<p>Esta obra ha recibido una ayuda del Ministerio de Cultura, a trav\u00e9s de la Direcci\u00f3n General del Libro, del C\u00f3mic y de la Lectura.<\/p>\n<p><img loading=\"lazy\" decoding=\"async\" class=\"\" src=\"https:\/\/www.cultura.gob.es\/dam\/jcr:e72c6b08-1faa-4ef1-bf5c-319ed2a9035f\/logo-mcu-dglcl.jpg\" width=\"324\" height=\"87\" \/><img loading=\"lazy\" decoding=\"async\" class=\"\" src=\"https:\/\/www.cultura.gob.es\/dam\/jcr:2b2484d0-6372-4d11-8e7b-d1b2d244895e\/logopfl-principal.jpg\" width=\"79\" height=\"86\" \/><\/p>\n<p>&nbsp;<\/p>\n<p>Autores:<br \/>\nDibujante: MEIK (Mar\u00eda Dolores Reyes Cuevas))<br \/>\nGuionista: RAFA JIM\u00c9NEZ<\/p>\n<div class=\"video-responsive\"><iframe src=\"https:\/\/www.youtube.com\/embed\/wlDOHdnum90?si=fblCKl0LNNvunytZ\" frameborder=\"0\" allowfullscreen=\"allowfullscreen\"><\/iframe><\/div>\n<\/div>","protected":false},"excerpt":{"rendered":"<div>\n<p><strong>Madrid, julio de 1936.<\/strong>\u00a0La ciudad a\u00fan respira verano cuando estalla la Guerra Civil. En una casa silenciosa de un barrio acomodado, dos mujeres viven atrapadas en los m\u00e1rgenes de su tiempo. Libertad, sirvienta, anarquista y feminista, lucha por mantener su identidad en un mundo que nunca le ha hecho sitio. Mercedes, joven esposa de clase alta, acaba de casarse con Julio, un hombre que no tarda en huir para unirse a las filas del bando nacional.<br \/>\nEl estallido del conflicto lo cambia todo. Las calles se llenan de miedo, delaciones y miradas que acusan.\u00a0<strong>Bajo el estruendo del conflicto, un giro inesperado entrelaza los destinos de Libertad y Mercedes, sellando un pacto tan invisible como irrompible.<\/strong><\/p>\n<p>Durante tres a\u00f1os sobreviven entre silencios, mentiras y afectos que no siempre pueden nombrarse. Pero en abril de 1939, cuando Madrid cae bajo el control franquista y Julio regresa como oficial del nuevo r\u00e9gimen, el secreto que las une se convierte en una amenaza que podr\u00eda destruirlo todo.<\/p>\n<p><strong>Las alas de la cris\u00e1lida<\/strong>\u00a0es una historia sobre mujeres que resisten cuando todo se derrumba. Una novela gr\u00e1fica sobre lealtades dif\u00edciles, decisiones imposibles y v\u00ednculos que nacen en la oscuridad para intentar sobrevivir a la luz.<\/p>\n<\/div>\n<div><\/div>","protected":false},"featured_media":7629,"comment_status":"open","ping_status":"closed","template":"","meta":{"_acf_changed":false},"product_brand":[],"product_cat":[18],"product_tag":[],"class_list":["post-7628","product","type-product","status-publish","has-post-thumbnail","product_cat-comics","","woocommerce-text-align-center","woocommerce-image-align-center","do-quantity-buttons","first","instock","taxable","shipping-taxable","purchasable","product-type-simple"],"acf":[],"_links":{"self":[{"href":"https:\/\/serendipiaeditorial.com\/en\/wp-json\/wp\/v2\/product\/7628","targetHints":{"allow":["GET"]}}],"collection":[{"href":"https:\/\/serendipiaeditorial.com\/en\/wp-json\/wp\/v2\/product"}],"about":[{"href":"https:\/\/serendipiaeditorial.com\/en\/wp-json\/wp\/v2\/types\/product"}],"replies":[{"embeddable":true,"href":"https:\/\/serendipiaeditorial.com\/en\/wp-json\/wp\/v2\/comments?post=7628"}],"wp:featuredmedia":[{"embeddable":true,"href":"https:\/\/serendipiaeditorial.com\/en\/wp-json\/wp\/v2\/media\/7629"}],"wp:attachment":[{"href":"https:\/\/serendipiaeditorial.com\/en\/wp-json\/wp\/v2\/media?parent=7628"}],"wp:term":[{"taxonomy":"product_brand","embeddable":true,"href":"https:\/\/serendipiaeditorial.com\/en\/wp-json\/wp\/v2\/product_brand?post=7628"},{"taxonomy":"product_cat","embeddable":true,"href":"https:\/\/serendipiaeditorial.com\/en\/wp-json\/wp\/v2\/product_cat?post=7628"},{"taxonomy":"product_tag","embeddable":true,"href":"https:\/\/serendipiaeditorial.com\/en\/wp-json\/wp\/v2\/product_tag?post=7628"}],"curies":[{"name":"wp","href":"https:\/\/api.w.org\/{rel}","templated":true}]}}

LAS ALAS DE LA CRISÁLIDA

<div>
<p style="font-weight: 400;">
</div>
<div><strong>DATOS TÉCNICOS:</strong></div>
<div>
<p>ISBN: 979-13-87661-04-5<br />
EAN: 9791387661045<br />
D.L.: CR 531-2025<br />
Extensión: 80 páginas<br />
Tamaño: 32 cm x 22 cm<br />
Encuadernación: Cartoné<br />
Guardas ilustradas<br />
Papel: impreso en papel procedente de fuentes sostenibles con Sello FSC MIX 100 %</p>
<p>&nbsp;</p>
<p>Esta obra ha recibido una ayuda del Ministerio de Cultura, a través de la Dirección General del Libro, del Cómic y de la Lectura.</p>
<p><img loading="lazy" decoding="async" class="" src="https://www.cultura.gob.es/dam/jcr:e72c6b08-1faa-4ef1-bf5c-319ed2a9035f/logo-mcu-dglcl.jpg" width="324" height="87" /><img loading="lazy" decoding="async" class="" src="https://www.cultura.gob.es/dam/jcr:2b2484d0-6372-4d11-8e7b-d1b2d244895e/logopfl-principal.jpg" width="79" height="86" /></p>
<p>&nbsp;</p>
<p>Autores:<br />
Dibujante: MEIK (María Dolores Reyes Cuevas))<br />
Guionista: RAFA JIMÉNEZ</p>
<div class="video-responsive"><iframe src="https://www.youtube.com/embed/wlDOHdnum90?si=fblCKl0LNNvunytZ" frameborder="0" allowfullscreen="allowfullscreen"></iframe></div>
</div>

<div>
<p><strong>Madrid, julio de 1936.</strong> La ciudad aún respira verano cuando estalla la Guerra Civil. En una casa silenciosa de un barrio acomodado, dos mujeres viven atrapadas en los márgenes de su tiempo. Libertad, sirvienta, anarquista y feminista, lucha por mantener su identidad en un mundo que nunca le ha hecho sitio. Mercedes, joven esposa de clase alta, acaba de casarse con Julio, un hombre que no tarda en huir para unirse a las filas del bando nacional.<br />
El estallido del conflicto lo cambia todo. Las calles se llenan de miedo, delaciones y miradas que acusan. <strong>Bajo el estruendo del conflicto, un giro inesperado entrelaza los destinos de Libertad y Mercedes, sellando un pacto tan invisible como irrompible.</strong></p>
<p>Durante tres años sobreviven entre silencios, mentiras y afectos que no siempre pueden nombrarse. Pero en abril de 1939, cuando Madrid cae bajo el control franquista y Julio regresa como oficial del nuevo régimen, el secreto que las une se convierte en una amenaza que podría destruirlo todo.</p>
<p><strong>Las alas de la crisálida</strong> es una historia sobre mujeres que resisten cuando todo se derrumba. Una novela gráfica sobre lealtades difíciles, decisiones imposibles y vínculos que nacen en la oscuridad para intentar sobrevivir a la luz.</p>
</div>
<div></div>
